= -g, -2*g - 8 = -3*n. Suppose -2*h + 3*h = n. Let s(z) = h + 4 - 4*z + 6*z. Calculate s(-3).
-2
Let u(l) = l**2 + 2 - 1 - 3*l**2 + 3*l. Let j be (0/(2*-1))/1. Let v be 1 - (-1 + (-1 - j)). What is u(v)?
-8
Let q(d) = 1 + 2 + 0 + d. Suppose -4*u - 3*j = 2*j - 36, 0 = u - j. What is q(u)?
7
Let b(j) = 2*j + 7. Let z be 1/3 - 222/(-9). Suppose x + 4*x = -z. What is b(x)?
-3
Let v(w) = -w - 686 + 686. Give v(4).
-4
Let u(l) = -2*l**2 - 2*l - 1. Let y(s) = -s**2 - 10*s + 3. Let z be y(-10). Let j(k) = -3*k**2 - 2*k. Let h(c) = z*j(c) - 4*u(c). Calculate h(4).
-4
Suppose -18 = -4*z - 2. Suppose z*u + 5 = 3*u + 4*t, 0 = -4*t. Let d(m) = m**3 + 4*m**2 - 5*m + 7. Determine d(u).
7
Let k be 3/(-6) + 2/(-4). Let c = 1 + k. Let j(q) be the second derivative of q**3/6 - q**2 + 14*q. Calculate j(c).
-2
Suppose -31 = -3*j - v + 5*v, 2*v - 12 = -4*j. Suppose g + 2*l - 22 = -2*g, g = -j*l + 29. Let s = g - 0. Let r(c) = c**2 - 4*c + 1. What is r(s)?
1
Suppose 0 = 5*x + 2 - 7. Let n be x - (-1 - (-2 + 2)). Suppose 0 = -f + 4*k - 6, 0 = n*f - 5*k + 4 + 5. Let s(h) = -h**3 + 2*h - 1. Calculate s(f).
3
Let q(j) = -j - 3. Let h(t) = -t**3 - 3*t**2 + t - 3. Let w be 5 - 3 - 1*6. Let b be h(w). Suppose d = 3*l - b, -d + l - 25 = 3*d. Calculate q(d).
3
Let v be (2/6)/(1/3). Let w(l) = l**3 - l**3 + 3*l**3 + 3*l**3. Determine w(v).
6
Suppose 8*h + 10 = 3*h. Let g(j) = 15*j**3 + 6*j**2 + 15*j + 13. Let w(o) = 7*o**3 + 3*o**2 + 7*o + 6. Let r(x) = 6*g(x) - 13*w(x). What is r(h)?
-2
Let w(i) be the second derivative of -i**4/12 - 3*i**2 + 6*i. Let a(x) be the first derivative of w(x). Calculate a(-4).
8
Let d be (-4)/6 + 126/(-54). Let n(s) = 2*s + 3. Determine n(d).
-3
Let l(y) = -2*y + 6. Let a be (-32)/(-1) + (2 - 4). Suppose -2*x - 14 - a = 0. Let n = -16 - x. Determine l(n).
-6
Let a(f) be the first derivative of f**4/4 + 5*f**3/3 + f**2/2 + 7*f - 7. Suppose 0 = 5*h - 3*t + 13, 0*t - 32 = 4*h + 3*t. Determine a(h).
2
Let n(r) be the second derivative of r**5/20 - r**3/6 + r**2/2 - 5*r. What is n(2)?
7
Let n(u) = -2*u**2 + 5*u + 5*u**2 - 2*u**2 + 7. Suppose 5*a = -26 + 1. Calculate n(a).
7
Let b(l) = -l**3 + 17*l**2 + l - 17. Let m be b(17). Let t(o) be the first derivative of 1/4*o**4 + m*o - 2*o**2 - 1 + 2/3*o**3. Calculate t(-3).
3
Let b(k) = 9*k - 10*k + 0*k - 4*k**2. Determine b(-1).
-3
Let r(y) be the third derivative of -y**6/120 + y**5/20 - y**4/12 + 6*y**2. Let p = -2 - -5. Suppose -4*b + 3*o + 5 = -9, -p*b + 4*o + 14 = 0. Determine r(b).
0
Let i be (-24)/(-14) + 4/14. Suppose i*p + 2 = -0. Let y(b) = 5*b**2 - 1. What is y(p)?
4
Let p(l) = l**2 - 13*l - 11. Let g be p(14). Let j(z) = z**2 - z. Let t(b) = 2*b**2 + 3*b - 4. Let a(k) = -3*j(k) + t(k). Give a(g).
5
Let g(v) = v**3 - 10*v**2 - 10*v - 2. Suppose 58*p - 51*p - 77 = 0. What is g(p)?
9
Suppose -2*x + 12*x - x = 0. Let p(s) = s - 1. Calculate p(x).
-1
Let u(y) = -y**2 - 5*y + 4. Let i(g) = g**2 + 5*g - 4. Let b(n) = -3*i(n) - 4*u(n). Give b(-6).
2
Let l(z) = -3*z. Let c be l(-2). Suppose -3*r + 12 = -0*r. Let f(t) = t + 6*t**2 + t**3 - r*t**2 - c - 3*t**2. Give f(0).
-6
Let l(q) = 5*q - 6. Let s(t) = t. Let y be (-2 - -12) + 1 + 1. Suppose -y = 3*d - 2*j, -4*j - 17 = 3*d + 13. Let w(v) = d*s(v) + l(v). Determine w(-5).
-1
Let i(k) = -k**3 - 11*k**2 + 12*k. Let z be i(-12). Let p(o) be the first derivative of -1/2*o**2 + z*o + 1. Calculate p(1).
-1
Let p(v) be the third derivative of -4*v**5/15 + v**4/12 - v**3/6 + v**2 + 11*v. Give p(1).
-15
Let a(v) = -v - 3. Let c be a(-5). Let d(x) = -c - x + 2*x + x. Let j be 2 - (-57)/(-30) - 190/(-100). Give d(j).
2
Suppose 3*d + 3 = 39. Let l(m) = -m - d - 2*m + 5. Calculate l(-5).
8
Let i(r) = 6 - r**2 + 2 - 4 - 4*r. Suppose 0 = -3*l - 0*l + 15. Suppose -15 = -l*a - 35. Calculate i(a).
4
Let i(l) = l**3 - 10*l**2 + 9*l + 2. Let t be i(9). Let b(j) = 2*j**2 - 3*j + 3. Determine b(t).
5
Let w(r) be the second derivative of r**4/12 + 5*r**3/6 + r**2 - 13*r. Give w(-6).
8
Let j be (-3)/(6/5)*-2. Let h(o) = 2*o + 4*o + j*o. Suppose 0 = 2*k + 3*k + 5. What is h(k)?
-11
Let b(f) = f**3 - 2*f**2 - f + 1. Suppose 4*y - 2 = -h, -8 = -4*y + 3*h + 2. Let z = -5 + 8. Suppose 2*t - 7*t - 27 = -p, -z*p - t + y = 0. Give b(p).
-1
Suppose -4*h - h = -5. Let y be -2*(h + (2 - 4)). Let w(c) = -c. Let z(p) = -2*p. Let k(f) = 6*w(f) - 5*z(f). Calculate k(y).
8
Let j(w) = -w - 6. Let x be 39/(-15) + (-4)/10. Let c be j(x). Let l(m) = -4*m - 4. Give l(c).
8
Let f be (6*(0 - -1))/2. Let j(i) = 2*i + 3. Determine j(f).
9
Let y(u) = 5*u**2 - 2*u + 8. Let p(d) = d**2 + d + 1. Let g(v) = 4*p(v) - y(v). What is g(4)?
4
Let n(l) = -8*l + 8 - 9*l + 10*l + l**2. Suppose 0 = 2*m - 0*x + 3*x - 3, 2*x = -6. Determine n(m).
2
Let f(t) = t**2 + t. Suppose 0 = 2*i - 27 - 1. Suppose 4 - i = -5*z. Let l be z - 3/(-6)*-2. Determine f(l).
2
Let m = -6 - -3. Let w(d) be the first derivative of d**3/3 + d**2 - 1. Determine w(m).
3
Let q(o) = -2*o**3 - 5*o**2 + 2*o - 6. Let u(k) = k**3 + k**2 - k + 1. Let p(x) = -q(x) - 3*u(x). What is p(3)?
-3
Let u = 0 - -3. Suppose -u*t + 6 = -0*t + 3*v, 5*t + 3*v = 6. Let l(z) = -2 - 1 + t*z + 2*z. Determine l(3).
3
Let d(w) = -w - 19. Let s(i) = 10. Let l(h) = -3*d(h) - 5*s(h). Determine l(-5).
-8
Let f = 21 + -17. Let v(j) = -j**2 + 3*j - 2. Determine v(f).
-6
Let s(i) = -8*i - 1. Let o be 6 + -9 - -1*4. Give s(o).
-9
Let n(a) = 2*a**2 + 11*a - 4. Let i(o) = -o**2 - 5*o + 2. Let b = 25 + -45. Let u = 11 + b. Let h(x) = u*i(x) - 4*n(x). What is h(2)?
4
Let u(s) = s**2 - 2*s + 1. Let y(i) = -i**2 + 4*i + 8. Suppose -4*x + 5 = 3*q - 19, -q = 4*x - 24. Let w be y(x). Let z = 2 + w. What is u(z)?
9
Suppose -2 + 10 = -4*a. Let c(h) = h - h**2 - h**3 - 7 + h + 9. Determine c(a).
2
Let t(u) = -u**3 + 4*u**3 - 2*u**3 + u. Let j be -4 - (2/(-2) + 2). Let b(n) = 2*n**3 + 6*n. Let i(l) = j*t(l) + b(l). Calculate i(-1).
2
Suppose -5*g - 3*h - 3 + 13 = 0, -g = -3*h + 16. Let z(x) = 5*x**3 + 2*x**2 + x. What is z(g)?
-4
Let n(d) = -7*d**2 - 7*d - d**2 + 7*d**2 - 4 + d. What is n(-3)?
5
Let p = -148 - -158. Let h(v) = v - 4. Give h(p).
6
Let o = -24 - -24. Let p(x) = x**3 - x**2 + x + 17. What is p(o)?
17
Let g(j) be the first derivative of -j**3/3 - 2*j**2 - 2. Suppose 0 = 3*m - 5*v - 36 - 33, -4*v = -5*m + 102. Let c be m/(-24)*8/2. Give g(c).
3
Let q be (-1)/(1*(-1)/(-5)). Let w(k) = 4*k**3 + 2*k**2 - 3*k - 3. Let l(o) = -7*o**3 - 4*o**2 + 5*o + 5. Let p(r) = q*w(r) - 3*l(r). Give p(-2).
0
Let b(r) be the first derivative of -7/2*r**2 + 6*r - 3 + 1/3*r**3. Give b(5).
-4
Let r(o) be the second derivative of -o**3/3 - o**2/2 - 13*o. Suppose -n - 9 = -4*n + 5*s, 0 = n + s + 5. Give r(n).
3
Suppose -4*l + 29 = -5*v + 141, -3*l + 71 = 4*v. Let h = 18 - v. Let c(g) be the third derivative of g**5/30 - g**3/3 + g**2. Determine c(h).
6
Let s(o) = o - 2*o - 12 - 4. Determine s(-9).
-7
Let g(s) = -5*s**3 + 3*s**2 - 6*s**2 - 6*s - s**2 - 10 - 2*s**2. Let l(n) = -6*n**3 - 6*n**2 - 7*n - 11. Let d(t) = -5*g(t) + 4*l(t). Give d(-6).
-6
Let m(l) = -2*l + 1. Let a be m(-2). Let c(w) = -3*w**3 - 5*w**2 - 11*w - 7. Let u(n) = -5*n**3 - 8*n**2 - 17*n - 11. Let k(t) = a*u(t) - 8*c(t). Give k(-2).
3
Let j be ((-6)/(-4))/((-3)/(-4)). Let w(i) be the third derivative of 0 + 0*i + 1/24*i**4 + 1/30*i**5 - 1/60*i**6 + 1/6*i**3 + 3*i**2. Determine w(j).
-5
Let z(r) be the first derivative of -r**4/4 + r**3/3 + 2. Let p(a) = -3*a**3 - 4*a**2 + 1. Let b(h) = p(h) + 4*z(h). Let o = 3 + -4. What is b(o)?
8
Let b(p) = 3*p + 2. Let l(s) = -8*s - 4. Let z(q) = -9*b(q) - 4*l(q). What is z(3)?
13
Let c = -11 + 13. Let r(p) = -c*p**2 + 0*p**2 - p**3 + p**2 + 1. Calculate r(1).
-1
Let c(f) be the second derivative of -2*f + 0 - 1/6*f**3 - 7/2*f**2. Let b be 0*(0 + 2 - 1). What is c(b)?
-7
Suppose -4 = y - 5*u - 1, 2*y = 4*u. Suppose 0 = -5*t - y*z - 26, 4*t = -z - 0*z - 19. Let n(c) be the first derivative of -c**3/3 + 4*c + 4. Calculate n(t).
-12
Let v(c) = 5*c**3 - 12*c**2 + 7. Let s(q) = 6*q**3 - 13*q**2 + 8. Let r(d) = 4*s(d) - 5*v(d). Determine r(8).
-3
Let w(r) = -2*r + 3. Let m = 21 - 19. Determine w(m).
-1
Let h(q) = -q**3 + 19*q**2 + 5*q + 2. Let b(y) = -6*y**2 - 2*y - 1. Let i(n) = 7*b(n) + 2*h(n). Calculate i(-2).
5
Let z(o) = -4 + 2*o + 2*o - 5*o. Let b be (-8 - (0 + -2))*10/(-12). Give z(b).
-9
Le